s the thousands digit of 12845540?
5
What is the hundreds digit of 127536?
5
What is the hundreds digit of 26197848?
8
What is the ten millions digit of 32051458?
3
What is the hundred thousands digit of 9912141?
9
What is the ten thousands digit of 4673746?
7
What is the hundreds digit of 601499?
4
What is the hundred thousands digit of 478844?
4
What is the hundreds digit of 181148?
1
What is the ten thousands digit of 2229652?
2
What is the hundred thousands digit of 415382?
4
What is the thousands digit of 142683?
2
What is the thousands digit of 2554384?
4
What is the thousands digit of 21947982?
7
What is the hundred thousands digit of 199644?
1
What is the tens digit of 168165?
6
What is the hundred thousands digit of 15693855?
6
What is the ten thousands digit of 376866?
7
What is the ten thousands digit of 62021?
6
What is the millions digit of 1571974?
1
What is the hundred thousands digit of 10334017?
3
What is the ten thousands digit of 379235?
7
What is the hundred thousands digit of 186827?
1
What is the tens digit of 124137?
3
What is the units digit of 1299341?
1
What is the units digit of 2188239?
9
What is the hundreds digit of 745157?
1
What is the ten thousands digit of 690325?
9
What is the hundred thousands digit of 2266848?
2
What is the ten millions digit of 29185272?
2
What is the hundred thousands digit of 7719318?
7
What is the tens digit of 5636393?
9
What is the tens digit of 2735213?
1
What is the ten thousands digit of 229444?
2
What is the hundreds digit of 4473199?
1
What is the millions digit of 2772330?
2
What is the hundred thousands digit of 1814128?
8
What is the thousands digit of 915943?
5
What is the units digit of 1539594?
4
What is the tens digit of 5179439?
3
What is the tens digit of 1010116?
1
What is the millions digit of 2380834?
2
What is the hundred thousands digit of 2779857?
7
What is the thousands digit of 518617?
8
What is the ten thousands digit of 323074?
2
What is the hundred thousands digit of 2825424?
8
What is the units digit of 10298243?
3
What is the hundreds digit of 8519764?
7
What is the ten thousands digit of 388799?
8
What is the ten millions digit of 14625115?
1
What is the hundred thousands digit of 8232004?
2
What is the tens digit of 206375?
7
What is the hundred thousands digit of 12514267?
5
What is the hundreds digit of 185248?
2
What is the ten thousands digit of 3988918?
8
What is the units digit of 532115?
5
What is the hundreds digit of 28249678?
6
What is the hundreds digit of 107189?
1
What is the tens digit of 5598012?
1
What is the hundreds digit of 12555849?
8
What is the ten thousands digit of 5678652?
7
What is the millions digit of 10888675?
0
What is the ten thousands digit of 5490621?
9
What is the millions digit of 1775639?
1
What is the hundreds digit of 875534?
5
What is the ten thousands digit of 246003?
4
What is the hundreds digit of 766020?
0
What is the hundred thousands digit of 13380963?
3
What is the hundred thousands digit of 1928333?
9
What is the units digit of 1610333?
3
What is the units digit of 695982?
2
What is the units digit of 2187912?
2
What is the hundreds digit of 5464099?
0
What is the tens digit of 2852537?
3
What is the ten thousands digit of 222019?
2
What is the units digit of 28033?
3
What is the thousands digit of 450084?
0
What is the hundreds digit of 499978?
9
What is the units digit of 2329561?
1
What is the hundred thousands digit of 269916?
2
What is the hundreds digit of 69459?
4
What is the tens digit of 215318?
1
What is the ten thousands digit of 14090954?
9
What is the thousands digit of 517987?
7
What is the thousands digit of 15947607?
7
What is the ten thousands digit of 2209727?
0
What is the tens digit of 8358792?
9
What is the millions digit of 1884554?
1
What is the hundred thousands digit of 222179?
2
What is the ten thousands digit of 5484307?
8
What is the millions digit of 14267199?
4
What is the units digit of 5178994?
4
What is the thousands digit of 241364?
1
What is the units digit of 625369?
9
What is the millions digit of 1368376?
1
What is the thousands digit of 2117536?
7
What is the units digit of 6879322?
2
What is the thousands digit of 706230?
6
What is the hundreds digit of 483574?
5
What is the hundreds digit of 2183016?
0
What is the millions digit of 2867637?
2
What is the hundred thousands digit of 173603?
1
What is the hundred thousands digit of 159394?
1
What is the ten millions digit of 10661148?
1
What is the tens digit of 515731?
3
What is the ten thousands digit of 914470?
1
What is the hundred thousands digit of 622587?
6
What is the hundreds digit of 160702?
7
What is the ten thousands digit of 751082?
5
What is the hundred thousands digit of 259804?
2
What is the millions digit of 3211499?
3
What is the units digit of 29484?
4
What is the hundred thousands digit of 2125659?
1
What is the ten thousands digit of 28133583?
3
What is the ten thousands digit of 1195884?
9
What is the hundred thousands digit of 247113?
2
What is the millions digit of 12194207?
2
What is the thousands digit of 70303?
0
What is the millions digit of 3943884?
3
What is the units digit of 1641163?
3
What is the tens digit of 353049?
4
What is the millions digit of 1139659?
1
What is the hundreds digit of 295336?
3
What is the thousands digit of 296684?
6
What is the hundreds digit of 2425686?
6
What is the ten thousands digit of 381687?
8
What is the tens digit of 3976857?
5
What is the hundreds digit of 192965?
9
What is the millions digit of 7739701?
7
What is the millions digit of 2052755?
2
What is the hundred thousands digit of 21408402?
4
What is the ten thousands digit of 155352?
5
What is the units digit of 419987?
7
What is the hundred thousands digit of 466690?
4
What is the tens digit of 1422901?
0
What is the units digit of 332303?
3
What is the tens digit of 844258?
5
What is the tens digit of 988593?
9
What is the ten thousands digit of 1272009?
7
What is the tens digit of 2336879?
7
What is the thousands digit of 395548?
5
What is the thousands digit of 256082?
6
What is the ten thousands digit of 5254915?
5
What is the hundreds digit of 3530009?
0
What is the tens digit of 713261?
6
What is the ten thousands digit of 2806148?
0
What is the hundreds digit of 19612747?
7
What is the ten thousands digit of 236696?
3
What is the tens digit of 203784?
8
What is the hundred thousands digit of 615953?
6
What is the hundred thousands digit of 989147?
9
What is the hundred thousands digit of 1925886?
9
What is the units digit of 133532?
2
What is the hundred thousands digit of 137114?
1
What is the hundreds digit of 344907?
9
What is the thousands digit of 3267765?
7
What is the units digit of 281840?
0
What is the ten thousands digit of 15124420?
2
What is the hundreds digit of 22848913?
9
What is the ten thousands digit of 297674?
9
What is the units digit of 417522?
2
What is the hundreds digit of 1072339?
3
What is the tens digit of 182650?
5
What is the ten thousands digit of 1449121?
4
What is the tens digit of 4177934?
3
What is the hundreds digit of 968097?
0
What is the ten thousands digit of 155926?
5
What is the millions digit of 5288493?
5
What is the tens digit of 3320017?
1
What is the hundred thousands digit of 175838?
1
What is the units digit of 9006768?
8
What is the thousands digit of 176247?
6
What is the hundreds digit of 3079932?
9
What is the thousands digit of 46811?
6
What is the thousands digit of 1411284?
1
What is the ten millions digit of 18915051?
1
What is the thousands digit of 722081?
2
What is the tens digit of 106868?
6
What is the hundreds digit of 281505?
5
What is the tens digit of 857324?
2
What is the hundred thousands digit of 366589?
3
What is the units digit of 1278728?
8
What is the hundred thousands digit of 189355?
1
What is the ten thousands digit of 3981723?
8
What is the thousands digit of 852394?
2
What is the units digit of 755575?
5
What is the units digit of 1393980?
0
What is the units digit of 840030?
0
What is the hundreds digit of 655948?
9
What is the ten thousands digit of 1089574?
8
What is the hundred thousands digit of 177312?
1
What is the hundreds digit of 326854?
8
What is the hundred thousands digit of 437132?
4
What is the hund